[INFO] fetching crate algebra 0.2.0...
[INFO] checking algebra-0.2.0 against master#9610dfe5a9a731ced1ea4923ecbd0c57fe367898 for beta-170-4
[INFO] extracting crate algebra 0.2.0 into /workspace/builds/worker-0-tc1/source
[INFO] validating manifest of crates.io crate algebra 0.2.0 on toolchain 9610dfe5a9a731ced1ea4923ecbd0c57fe367898
[INFO] running `Command { std: CARGO_HOME="/workspace/cargo-home" RUSTUP_HOME="/workspace/rustup-home" "/workspace/cargo-home/bin/cargo" "+9610dfe5a9a731ced1ea4923ecbd0c57fe367898" "metadata" "--manifest-path" "Cargo.toml" "--no-deps", kill_on_drop: false }`
[INFO] started tweaking crates.io crate algebra 0.2.0
[INFO] finished tweaking crates.io crate algebra 0.2.0
[INFO] tweaked toml for crates.io crate algebra 0.2.0 written to /workspace/builds/worker-0-tc1/source/Cargo.toml
[INFO] running `Command { std: CARGO_HOME="/workspace/cargo-home" RUSTUP_HOME="/workspace/rustup-home" __CARGO_TEST_CHANNEL_OVERRIDE_DO_NOT_USE_THIS="nightly" "/workspace/cargo-home/bin/cargo" "+9610dfe5a9a731ced1ea4923ecbd0c57fe367898" "generate-lockfile" "--manifest-path" "Cargo.toml" "-Zno-index-update", kill_on_drop: false }`
[INFO] running `Command { std: CARGO_HOME="/workspace/cargo-home" RUSTUP_HOME="/workspace/rustup-home" "/workspace/cargo-home/bin/cargo" "+9610dfe5a9a731ced1ea4923ecbd0c57fe367898" "fetch" "--manifest-path" "Cargo.toml", kill_on_drop: false }`
[INFO] [stderr]  Downloading crates ...
[INFO] [stderr]   Downloaded quickcheck_macros v0.2.29
[INFO] running `Command { std: "docker" "create" "-v" "/var/lib/crater-agent-workspace/builds/worker-0-tc1/target:/opt/rustwide/target:rw,Z" "-v" "/var/lib/crater-agent-workspace/builds/worker-0-tc1/source:/opt/rustwide/workdir:ro,Z" "-v" "/var/lib/crater-agent-workspace/cargo-home:/opt/rustwide/cargo-home:ro,Z" "-v" "/var/lib/crater-agent-workspace/rustup-home:/opt/rustwide/rustup-home:ro,Z" "-e" "SOURCE_DIR=/opt/rustwide/workdir" "-e" "CARGO_TARGET_DIR=/opt/rustwide/target" "-e" "CARGO_HOME=/opt/rustwide/cargo-home" "-e" "RUSTUP_HOME=/opt/rustwide/rustup-home" "-w" "/opt/rustwide/workdir" "-m" "1610612736" "--user" "0:0" "--network" "none" "ghcr.io/rust-lang/crates-build-env/linux@sha256:19e73879b68f455e41552ea35293514db52ea292d993f571636dbffedb77a1ee" "/opt/rustwide/cargo-home/bin/cargo" "+9610dfe5a9a731ced1ea4923ecbd0c57fe367898" "metadata" "--no-deps" "--format-version=1", kill_on_drop: false }`
[INFO] [stdout] f18c4d6630410b697db73a6e08ff64831e327a48564593b6ccabf591eff43f05
[INFO] running `Command { std: "docker" "start" "-a" "f18c4d6630410b697db73a6e08ff64831e327a48564593b6ccabf591eff43f05", kill_on_drop: false }`
[INFO] running `Command { std: "docker" "inspect" "f18c4d6630410b697db73a6e08ff64831e327a48564593b6ccabf591eff43f05", kill_on_drop: false }`
[INFO] running `Command { std: "docker" "rm" "-f" "f18c4d6630410b697db73a6e08ff64831e327a48564593b6ccabf591eff43f05", kill_on_drop: false }`
[INFO] [stdout] f18c4d6630410b697db73a6e08ff64831e327a48564593b6ccabf591eff43f05
[INFO] running `Command { std: "docker" "create" "-v" "/var/lib/crater-agent-workspace/builds/worker-0-tc1/target:/opt/rustwide/target:rw,Z" "-v" "/var/lib/crater-agent-workspace/builds/worker-0-tc1/source:/opt/rustwide/workdir:ro,Z" "-v" "/var/lib/crater-agent-workspace/cargo-home:/opt/rustwide/cargo-home:ro,Z" "-v" "/var/lib/crater-agent-workspace/rustup-home:/opt/rustwide/rustup-home:ro,Z" "-e" "SOURCE_DIR=/opt/rustwide/workdir" "-e" "CARGO_TARGET_DIR=/opt/rustwide/target" "-e" "CARGO_INCREMENTAL=0" "-e" "RUST_BACKTRACE=full" "-e" "RUSTFLAGS=--cap-lints=forbid" "-e" "RUSTDOCFLAGS=--cap-lints=forbid" "-e" "CARGO_HOME=/opt/rustwide/cargo-home" "-e" "RUSTUP_HOME=/opt/rustwide/rustup-home" "-w" "/opt/rustwide/workdir" "-m" "1610612736" "--user" "0:0" "--network" "none" "ghcr.io/rust-lang/crates-build-env/linux@sha256:19e73879b68f455e41552ea35293514db52ea292d993f571636dbffedb77a1ee" "/opt/rustwide/cargo-home/bin/cargo" "+9610dfe5a9a731ced1ea4923ecbd0c57fe367898" "check" "--frozen" "--all" "--all-targets" "--message-format=json", kill_on_drop: false }`
[INFO] [stdout] b478cefd38dc8afc8e348f2ed6590d107195031279d8e9f470dd3292b135b464
[INFO] running `Command { std: "docker" "start" "-a" "b478cefd38dc8afc8e348f2ed6590d107195031279d8e9f470dd3292b135b464", kill_on_drop: false }`
[INFO] [stderr]    Compiling libc v0.2.144
[INFO] [stderr]    Compiling winapi-build v0.1.1
[INFO] [stderr]    Compiling log v0.4.18
[INFO] [stderr]    Compiling winapi v0.2.8
[INFO] [stderr]    Compiling regex-syntax v0.3.9
[INFO] [stderr]    Compiling utf8-ranges v0.1.3
[INFO] [stderr]     Checking algebra v0.2.0 (/opt/rustwide/workdir)
[INFO] [stdout] warning: anonymous parameters are deprecated and will be removed in the next edition
[INFO] [stdout]   --> src/structure/magma.rs:32:21
[INFO] [stdout]    |
[INFO] [stdout] 32 |     fn approx(self, Self) -> Self;
[INFO] [stdout]    |                     ^^^^ help: try naming the parameter or explicitly ignoring it: `_: Self`
[INFO] [stdout]    |
[INFO] [stdout]    = warning: this is accepted in the current edition (Rust 2015) but is a hard error in Rust 2018!
[INFO] [stdout]    = note: for more information, see issue #41686 <https://github.com/rust-lang/rust/issues/41686>
[INFO] [stdout]    = note: `#[warn(anonymous_parameters)]` on by default
[INFO] [stdout] 
[INFO] [stdout] 
[INFO] [stdout] warning: 1 warning emitted
[INFO] [stdout] 
[INFO] [stdout] 
[INFO] [stderr]    Compiling kernel32-sys v0.2.2
[INFO] [stderr]     Checking log v0.3.9
[INFO] [stderr]    Compiling memchr v0.1.11
[INFO] [stderr]    Compiling thread-id v2.0.0
[INFO] [stderr]    Compiling rand v0.4.6
[INFO] [stderr]    Compiling aho-corasick v0.5.3
[INFO] [stderr]    Compiling thread_local v0.2.7
[INFO] [stderr]    Compiling regex v0.1.80
[INFO] [stderr]    Compiling rand v0.3.23
[INFO] [stderr]     Checking env_logger v0.3.5
[INFO] [stderr]     Checking quickcheck v0.2.27
[INFO] [stderr]    Compiling quickcheck v0.3.2
[INFO] [stderr]    Compiling quickcheck_macros v0.2.29
[INFO] [stdout] error[E0557]: feature has been removed
[INFO] [stdout]  --> /opt/rustwide/cargo-home/registry/src/index.crates.io-6f17d22bba15001f/quickcheck_macros-0.2.29/src/lib.rs:8:12
[INFO] [stdout]   |
[INFO] [stdout] 8 | #![feature(plugin_registrar, rustc_private)]
[INFO] [stdout]   |            ^^^^^^^^^^^^^^^^ feature has been removed
[INFO] [stdout]   |
[INFO] [stdout]   = note: a __rustc_plugin_registrar symbol must now be defined instead
[INFO] [stdout] 
[INFO] [stdout] 
[INFO] [stdout] error[E0463]: can't find crate for `syntax`
[INFO] [stdout]   --> /opt/rustwide/cargo-home/registry/src/index.crates.io-6f17d22bba15001f/quickcheck_macros-0.2.29/src/lib.rs:10:1
[INFO] [stdout]    |
[INFO] [stdout] 10 | extern crate syntax;
[INFO] [stdout]    | ^^^^^^^^^^^^^^^^^^^^ can't find crate
[INFO] [stdout] 
[INFO] [stdout] 
[INFO] [stdout] error[E0463]: can't find crate for `rustc_plugin`
[INFO] [stdout]   --> /opt/rustwide/cargo-home/registry/src/index.crates.io-6f17d22bba15001f/quickcheck_macros-0.2.29/src/lib.rs:11:1
[INFO] [stdout]    |
[INFO] [stdout] 11 | extern crate rustc_plugin;
[INFO] [stdout]    | ^^^^^^^^^^^^^^^^^^^^^^^^^^ can't find crate
[INFO] [stdout]    |
[INFO] [stdout]    = help: maybe you need to install the missing components with: `rustup component add rust-src rustc-dev llvm-tools-preview`
[INFO] [stdout] 
[INFO] [stdout] 
[INFO] [stdout] error: cannot find attribute `plugin_registrar` in this scope
[INFO] [stdout]   --> /opt/rustwide/cargo-home/registry/src/index.crates.io-6f17d22bba15001f/quickcheck_macros-0.2.29/src/lib.rs:24:3
[INFO] [stdout]    |
[INFO] [stdout] 24 | #[plugin_registrar]
[INFO] [stdout]    |   ^^^^^^^^^^^^^^^^
[INFO] [stdout]    |
[INFO] [stdout]    = note: `plugin_registrar` is in scope, but it is a function, not an attribute
[INFO] [stdout] 
[INFO] [stdout] 
[INFO] [stdout] error: aborting due to 4 previous errors
[INFO] [stdout] 
[INFO] [stdout] 
[INFO] [stdout] Some errors have detailed explanations: E0463, E0557.
[INFO] [stdout] 
[INFO] [stdout] For more information about an error, try `rustc --explain E0463`.
[INFO] [stdout] 
[INFO] [stderr] error: could not compile `quickcheck_macros` (lib) due to 5 previous errors
[INFO] running `Command { std: "docker" "inspect" "b478cefd38dc8afc8e348f2ed6590d107195031279d8e9f470dd3292b135b464", kill_on_drop: false }`
[INFO] running `Command { std: "docker" "rm" "-f" "b478cefd38dc8afc8e348f2ed6590d107195031279d8e9f470dd3292b135b464", kill_on_drop: false }`
[INFO] [stdout] b478cefd38dc8afc8e348f2ed6590d107195031279d8e9f470dd3292b135b464
